 is divided by 491?
397
Calculate the remainder when 4211186 is divided by 100.
86
What is the remainder when 858402 is divided by 3472?
818
What is the remainder when 7104 is divided by 134?
2
What is the remainder when 641186 is divided by 2438?
2430
What is the remainder when 184434997 is divided by 92217498?
1
Calculate the remainder when 147982119 is divided by 375.
369
Calculate the remainder when 260002 is divided by 60772.
16914
Calculate the remainder when 9443915 is divided by 74361.
68
What is the remainder when 85788 is divided by 1917?
1440
Calculate the remainder when 1670479474 is divided by 2367.
2362
Calculate the remainder when 11897367 is divided by 20.
7
What is the remainder when 10993195 is divided by 50894?
91
Calculate the remainder when 4394168 is divided by 3788.
88
Calculate the remainder when 17131087 is divided by 590727.
4
What is the remainder when 31168628 is divided by 7792151?
24
Calculate the remainder when 80911192 is divided by 6742598.
16
Calculate the remainder when 72162314 is divided by 15.
14
Calculate the remainder when 1656026 is divided by 118284.
50
Calculate the remainder when 117038739 is divided by 39012912.
3
Calculate the remainder when 2619314 is divided by 1465.
1359
What is the remainder when 348573 is divided by 2954?
1
What is the remainder when 552146 is divided by 828?
698
What is the remainder when 2795 is divided by 291?
176
What is the remainder when 995363 is divided by 48?
35
What is the remainder when 33075 is divided by 1380?
1335
What is the remainder when 2271360 is divided by 2292?
2280
Calculate the remainder when 196845085 is divided by 176.
173
Calculate the remainder when 1537431 is divided by 139746.
225
Calculate the remainder when 166064 is divided by 27613.
386
What is the remainder when 3022101 is divided by 125?
101
Calculate the remainder when 108218 is divided by 2810.
1438
What is the remainder when 1365582 is divided by 842?
700
Calculate the remainder when 3051047 is divided by 286.
285
What is the remainder when 393296 is divided by 39319?
106
What is the remainder when 93943801 is divided by 9394380?
1
What is the remainder when 1465075 is divided by 292977?
190
Calculate the remainder when 903456 is divided by 136.
8
What is the remainder when 3222881 is divided by 12789?
53
Calculate the remainder when 223950 is divided by 31981.
83
Calculate the remainder when 3270817 is divided by 46066.
131
What is the remainder when 311714 is divided by 44513?
123
What is the remainder when 166418 is divided by 99?
98
Calculate the remainder when 18118901 is divided by 4150.
1
Calculate the remainder when 5560992 is divided by 1853660.
12
What is the remainder when 20323902 is divided by 18801?
21
Calculate the remainder when 12472674 is divided by 392.
18
Calculate the remainder when 29848911 is divided by 7462215.
51
Calculate the remainder when 21004862 is divided by 1883.
1880
What is the remainder when 446105778 is divided by 59?
52
What is the remainder when 4039303 is divided by 130300?
3
Calculate the remainder when 484430 is divided by 69196.
58
Calculate the remainder when 500597 is divided by 166853.
38
What is the remainder when 3844539 is divided by 3088?
3067
What is the remainder when 2137806 is divided by 182?
34
What is the remainder when 90796 is divided by 4022?
2312
Calculate the remainder when 1424569 is divided by 1426.
1421
Calculate the remainder when 111774757 is divided by 179.
176
Calculate the remainder when 20986839 is divided by 35.
34
What is the remainder when 79998 is divided by 4909?
1454
What is the remainder when 75893 is divided by 78?
77
Calculate the remainder when 146338 is divided by 424.
58
What is the remainder when 55666 is divided by 200?
66
What is the remainder when 15407 is divided by 113?
39
Calculate the remainder when 193386 is divided by 634.
16
What is the remainder when 4115989 is divided by 1032?
373
Calculate the remainder when 310010 is divided by 309839.
171
What is the remainder when 124243557 is divided by 14?
11
What is the remainder when 6536528 is divided by 48062?
96
What is the remainder when 19765464 is divided by 108008?
0
Calculate the remainder when 2294679 is divided by 338.
335
Calculate the remainder when 74538 is divided by 2009.
205
Calculate the remainder when 3899084 is divided by 7441.
0
Calculate the remainder when 197653913 is divided by 60.
53
Calculate the remainder when 155826 is divided by 2133.
117
What is the remainder when 423390 is divided by 299?
6
Calculate the remainder when 610488 is divided by 179.
98
What is the remainder when 3331207 is divided by 203?
180
What is the remainder when 282309989 is divided by 10?
9
What is the remainder when 457186 is divided by 4396?
2
What is the remainder when 572791 is divided by 8549?
8
What is the remainder when 2708835 is divided by 4711?
10
What is the remainder when 359290 is divided by 35904?
250
Calculate the remainder when 1804460 is divided by 248.
12
Calculate the remainder when 457098241 is divided by 383.
380
Calculate the remainder when 216466 is divided by 3548.
38
What is the remainder when 180139 is divided by 1305?
49
What is the remainder when 50334 is divided by 9912?
774
Calculate the remainder when 134078060 is divided by 48.
44
What is the remainder when 2321036 is divided by 580256?
12
What is the remainder when 11658 is divided by 2294?
188
Calculate the remainder when 1528253 is divided by 6239.
5937
Calculate the remainder when 35558 is divided by 581.
117
Calculate the remainder when 2436891 is divided by 270764.
15
Calculate the remainder when 41514 is divided by 2164.
398
Calculate the remainder when 36248935 is divided by 33.
19
Calculate the remainder when 450314 is divided by 3853.
3366
Calculate the remainder when 137088142 is divided by 68544071.
0
What is the remainder when 127885206 is divided by 219734?
18
What is the remainder when 25636155 is divided by 901?
2
What is the remainder when 76213 is divided by 615?
568
Calculate the remainder when 218634 is divided by 31227.
45
Calculate the remainder when 1185212 is divided by 62378.
30
What is the remainder when 2423818 is divided by 580?
578
What is the remainder when 315035 is divided by 2086?
49
What is the remainder when 13023583 is divided by 603?
592
Calculate the remainder when 322079 is divided by 3003.
758
What is the remainder when 15589 is divided by 5005?
574
What is the remainder when 21861241 is divided by 1249?
1243
What is the remainder when 4832902 is divided by 134246?
46
What is the remainder when 41717712 is divided by 273?
36
What is the remainder when 3960105 is divided by 1476?
1473
What is the remainder when 52011 is divided by 12989?
55
Calculate the remainder when 805844 is divided by 583.
138
Calculate the remainder when 725472 is divided by 60443.
156
Calculate the remainder when 314362881 is divided by 298.
297
What is the remainder when 28906682 is divided by 732?
2
What is the remainder when 69885523 is divided by 69885513?
10
What is the remainder when 1988731 is divided by 132?
19
Calculate the remainder when 1473438 is divided by 147343.
8
What is the remainder when 51227 is divided by 12652?
619
What is the remainder when 827631313 is divided by 4165?
4163
Calculate the remainder when 2108523 is divided by 2108303.
220
What is the remainder when 43562755 is divided by 1132?
1131
Calculate the remainder when 1204247 is divided by 401381.
104
What is the remainder when 5905 is divided by 164?
1
Calculate the remainder when 31267222 is divided by 31267209.
13
What is the remainder when 1750569 is divided by 437642?
1
What is the remainder when 10325577 is divided by 3441849?
30
Calculate the remainder when 531128 is divided by 172.
164
Calculate the remainder when 63579251 is divided by 3828.
3827
What is the remainder when 730744 is divided by 19230?
4
Calculate the remainder when 89478 is divided by 1567.
159
What is the remainder when 267127 is divided by 462?
91
What is the remainder when 73171 is divided by 36479?
213
What is the remainder when 35574358 is divided by 28?
22
What is the remainder when 318680 is divided by 430?
50
What is the remainder when 173110 is divided by 86500?
110
What is the remainder when 143